{"id":1597,"date":"2020-11-20T14:35:23","date_gmt":"2020-11-20T11:35:23","guid":{"rendered":"https:\/\/www.rameendustri.com\/?page_id=1597"},"modified":"2023-07-21T15:12:59","modified_gmt":"2023-07-21T12:12:59","slug":"projects","status":"publish","type":"page","link":"https:\/\/www.rameendustri.com\/index.php\/en\/projects\/","title":{"rendered":"PROJECTS"},"content":{"rendered":"\n<div class=\"wp-block-file\"><a href=\"https:\/\/www.rameendustri.com\/wp-content\/uploads\/2023\/07\/RAME-ENDUSTRI-Company-Profile-ENG.pdf\">RAME-ENDUSTRI-Company-Profile-ENG<\/a><a href=\"https:\/\/www.rameendustri.com\/wp-content\/uploads\/2023\/07\/RAME-ENDUSTRI-Company-Profile-ENG.pdf\" class=\"wp-block-file__button\" download>\u0130ndir<\/a><\/div>\n\n\n\n<p><strong>RECENTLY COMPLETED PROJECTS:<\/strong><\/p>\n\n\n\n<figure class=\"wp-block-image size-large is-resized is-style-default\"><img loading=\"lazy\" src=\"https:\/\/www.rameendustri.com\/wp-content\/uploads\/2023\/07\/image-2-576x1024.png\" alt=\"\" class=\"wp-image-1791\" width=\"321\" height=\"571\" srcset=\"https:\/\/www.rameendustri.com\/wp-content\/uploads\/2023\/07\/image-2-576x1024.png 576w, https:\/\/www.rameendustri.com\/wp-content\/uploads\/2023\/07\/image-2-169x300.png 169w, https:\/\/www.rameendustri.com\/wp-content\/uploads\/2023\/07\/image-2-768x1365.png 768w, https:\/\/www.rameendustri.com\/wp-content\/uploads\/2023\/07\/image-2-864x1536.png 864w, https:\/\/www.rameendustri.com\/wp-content\/uploads\/2023\/07\/image-2.png 1152w\" sizes=\"(max-width: 321px) 100vw, 321px\" \/><\/figure>\n\n\n\n<p><strong>OWNER:<\/strong> \u00c7ALIK ENERJ\u0130 A.\u015e.<\/p>\n\n\n\n<p><strong>PROJECT: <\/strong>BAZIAN I AIR HEADER FABRICATIONS (3&#8243;, 24 PCS)<\/p>\n\n\n\n<p><strong>YEAR: <\/strong>2023<\/p>\n\n\n\n<p><strong>STATUS: <\/strong>COMPLETED<\/p>\n\n\n\n<p><strong>WORKS COMPLETED:<\/strong><\/p>\n\n\n\n<ul><li>ASME SEC VIII DIV-1 Design and Engineering (DP 11 barg)<\/li><li>316L Material supply (pipe, plate, nozzles)<\/li><li>Fabrication works (cutting, beveling, threading, drilling, erection, welding, ndt)<\/li><li>Hydrostatic testing (16.5 barg)<\/li><li>Passivation<\/li><li>International Packing<br><br><\/li><\/ul>\n\n\n\n<figure class=\"wp-block-image size-large\"><img loading=\"lazy\" width=\"588\" height=\"396\" src=\"https:\/\/www.rameendustri.com\/wp-content\/uploads\/2023\/07\/image-4.png\" alt=\"\" class=\"wp-image-1794\" srcset=\"https:\/\/www.rameendustri.com\/wp-content\/uploads\/2023\/07\/image-4.png 588w, https:\/\/www.rameendustri.com\/wp-content\/uploads\/2023\/07\/image-4-300x202.png 300w\" sizes=\"(max-width: 588px) 100vw, 588px\" \/><\/figure>\n\n\n\n<p><strong>OWNER:<\/strong> \u00c7ALIK ENERJ\u0130 A.\u015e.<\/p>\n\n\n\n<p><strong>PROJECT: <\/strong>ROMPETROL COGEN POWER PLANT PROJECT<br>(70 MW) &#8211; CONDENSATE BUFFER TANK FABRICATION<\/p>\n\n\n\n<p><strong>YEAR: <\/strong>2023<\/p>\n\n\n\n<p><strong>STATUS: <\/strong>COMPLETED<\/p>\n\n\n\n<p><strong>WORKS COMPLETED:<\/strong><\/p>\n\n\n\n<ul><li>EN 13445 Tank Design and Engineering<\/li><li>Material supply (plates, profiles, nozzles, manholes, CO2 absorber, paintings<\/li><li>Plate and Profile Fabrication works (cutting, beveling, bending, drilling)<\/li><li>Fabrication Works (erection, welding, testing)<\/li><li>Stairway and Handrail Fabrication<\/li><li>CE Marking<\/li><li>International Packing<br><br><\/li><\/ul>\n\n\n\n<figure class=\"wp-block-image size-large is-resized\"><img loading=\"lazy\" src=\"https:\/\/www.rameendustri.com\/wp-content\/uploads\/2023\/07\/image-1.png\" alt=\"\" class=\"wp-image-1790\" width=\"313\" height=\"522\" srcset=\"https:\/\/www.rameendustri.com\/wp-content\/uploads\/2023\/07\/image-1.png 614w, https:\/\/www.rameendustri.com\/wp-content\/uploads\/2023\/07\/image-1-180x300.png 180w\" sizes=\"(max-width: 313px) 100vw, 313px\" \/><\/figure>\n\n\n\n<p><strong>OWNER:<\/strong> \u00c7ALIK ENERJ\u0130 A.\u015e.<\/p>\n\n\n\n<p><strong>PROJECT: <\/strong>ROMPETROL COGEN POWER PLANT PROJECT<br>(70 MW) &#8211; UNDERGROUND DOUBLE WALL CONDENSATE TANKS FABRICATION<br>1 m3 and 5m3<\/p>\n\n\n\n<p><strong>YEAR: <\/strong>2023<\/p>\n\n\n\n<p><strong>STATUS: <\/strong>COMPLETED<\/p>\n\n\n\n<p><strong>WORKS COMPLETED:<\/strong><\/p>\n\n\n\n<ul><li>EN 12285-1 Tank Design and Engineering<\/li><li>Material supply (plates, profiles, nozzles, manholes, leak detection PE wrapping)<\/li><li>Plate and Profile Fabrication works (cutting, beveling, bending, drilling)<\/li><li>Fabrication Works (erection, welding, testing)<\/li><li>Valve box Fabrication<\/li><li>PE wrapping application<\/li><li>International Packing<br><\/li><\/ul>\n\n\n\n<figure class=\"wp-block-image size-large is-resized\"><img loading=\"lazy\" src=\"https:\/\/www.rameendustri.com\/wp-content\/uploads\/2022\/09\/image.png\" alt=\"\" class=\"wp-image-1779\" width=\"452\" height=\"372\" srcset=\"https:\/\/www.rameendustri.com\/wp-content\/uploads\/2022\/09\/image.png 779w, https:\/\/www.rameendustri.com\/wp-content\/uploads\/2022\/09\/image-300x247.png 300w, https:\/\/www.rameendustri.com\/wp-content\/uploads\/2022\/09\/image-768x633.png 768w\" sizes=\"(max-width: 452px) 100vw, 452px\" \/><\/figure>\n\n\n\n<p><strong>OWNER:<\/strong> \u00c7ALIK ENERJ\u0130 A.\u015e.<\/p>\n\n\n\n<p><strong>PROJECT: <\/strong>BAZIAN II FIRE FIGHTING TANK<\/p>\n\n\n\n<p><strong>YEAR: <\/strong>2022<\/p>\n\n\n\n<p><strong>STATUS: <\/strong>COMPLETED<\/p>\n\n\n\n<p><strong>WORKS COMPLETED:<\/strong><\/p>\n\n\n\n<ul><li>API 650 13th Edition Tank Design and Engineering<\/li><li>Material supply (plates, profiles, nozzles, manholes, level indicator, paintings, insulation<\/li><li>Plate and Profile Fabrication works (cutting, beveling, bending, drilling)<\/li><li>Nozzle and Manhole Fabrication<\/li><li>Stairway and Handrail Fabrication<\/li><li>International Packing<\/li><\/ul>\n\n\n\n<figure class=\"wp-block-image\"><img loading=\"lazy\" width=\"1024\" height=\"526\" src=\"http:\/\/www.rameendustri.com\/wp-content\/uploads\/2020\/11\/image-1024x526.png\" alt=\"\" class=\"wp-image-1461\" srcset=\"https:\/\/www.rameendustri.com\/wp-content\/uploads\/2020\/11\/image-1024x526.png 1024w, https:\/\/www.rameendustri.com\/wp-content\/uploads\/2020\/11\/image-300x154.png 300w, https:\/\/www.rameendustri.com\/wp-content\/uploads\/2020\/11\/image-768x394.png 768w, https:\/\/www.rameendustri.com\/wp-content\/uploads\/2020\/11\/image-1536x789.png 1536w, https:\/\/www.rameendustri.com\/wp-content\/uploads\/2020\/11\/image.png 1538w\" sizes=\"(max-width: 1024px) 100vw, 1024px\" \/><\/figure>\n\n\n\n<p><strong>OWNER:<\/strong>&nbsp;TAYRA\u015e BAZ YA\u011e RAF\u0130NER\u0130 A.\u015e.<\/p>\n\n\n\n<p><strong>PROJECT:&nbsp;<\/strong>DEPOLAMA TANKLARI SAHASI BORULAMA PROJELEND\u0130RME \u0130\u015eLER\u0130<\/p>\n\n\n\n<p><strong>YEAR:<\/strong>&nbsp;2020<\/p>\n\n\n\n<p><strong>STATUS:&nbsp;<\/strong>TAMAMLANDI<\/p>\n\n\n\n<p><strong>WORKS COMPLETED:<\/strong><\/p>\n\n\n\n<ul><li>Tank Field piping BOQ preparation<\/li><li>Tank Field piping specification<\/li><li>3D tank modeling, nozzle orientation, basic design<\/li><li>P&amp;ID revisions<\/li><li>Revision of pump inlet connections<\/li><li>Addition of Utility lines materials to BOQ and specifications<\/li><li>Basic design of piperack and pipe supports<\/li><li>Vapor recovery line design above storage tanks<\/li><\/ul>\n\n\n\n<p><\/p>\n","protected":false},"excerpt":{"rendered":"<p>RECENTLY COMPLETED PROJECTS: OWNER: \u00c7ALIK ENERJ\u0130 A.\u015e. PROJECT: BAZIAN I AIR HEADER FABRICATIONS (3&#8243;, 24 PCS) YEAR: 2023 STATUS: COMPLETED WORKS COMPLETED: ASME SEC VIII DIV-1 Design and Engineering (DP &#8230;<\/p>\n","protected":false},"author":1,"featured_media":0,"parent":0,"menu_order":0,"comment_status":"closed","ping_status":"closed","template":"","meta":[],"_links":{"self":[{"href":"https:\/\/www.rameendustri.com\/index.php\/wp-json\/wp\/v2\/pages\/1597"}],"collection":[{"href":"https:\/\/www.rameendustri.com\/index.php\/wp-json\/wp\/v2\/pages"}],"about":[{"href":"https:\/\/www.rameendustri.com\/index.php\/wp-json\/wp\/v2\/types\/page"}],"author":[{"embeddable":true,"href":"https:\/\/www.rameendustri.com\/index.php\/wp-json\/wp\/v2\/users\/1"}],"replies":[{"embeddable":true,"href":"https:\/\/www.rameendustri.com\/index.php\/wp-json\/wp\/v2\/comments?post=1597"}],"version-history":[{"count":18,"href":"https:\/\/www.rameendustri.com\/index.php\/wp-json\/wp\/v2\/pages\/1597\/revisions"}],"predecessor-version":[{"id":1800,"href":"https:\/\/www.rameendustri.com\/index.php\/wp-json\/wp\/v2\/pages\/1597\/revisions\/1800"}],"wp:attachment":[{"href":"https:\/\/www.rameendustri.com\/index.php\/wp-json\/wp\/v2\/media?parent=1597"}],"curies":[{"name":"wp","href":"https:\/\/api.w.org\/{rel}","templated":true}]}}