{"id":1658,"date":"2020-11-23T15:56:28","date_gmt":"2020-11-23T12:56:28","guid":{"rendered":"https:\/\/www.rameendustri.com\/?page_id=1658"},"modified":"2021-02-06T23:45:34","modified_gmt":"2021-02-06T20:45:34","slug":"cevre-politikamiz","status":"publish","type":"page","link":"https:\/\/www.rameendustri.com\/index.php\/cevre-politikamiz\/","title":{"rendered":"\u00c7EVRE Politikam\u0131z"},"content":{"rendered":"\n<p>RAME END\u00dcSTR\u0130 olarak, faaliyetlerinin \u00e7evreye olumsuz etkisini en aza indirme, \u00e7evre kirlili\u011fini \u00f6nleme ve do\u011fal kaynaklar\u0131 koruma konular\u0131nda duyarl\u0131 ve \u00f6zenli davranmay\u0131 bir \u015firket politikas\u0131 olarak benimsemi\u015ftir.<\/p>\n\n\n\n<p>Firmam\u0131z, ISO 14001 standard\u0131 gereklerine uygun olarak kurdu\u011fu \u00c7evre Y\u00f6netim Sistemi&#8217;ni s\u00fcrekli geli\u015ftirmek ve \u00e7evre kirlili\u011fini \u00f6nlemek amac\u0131yla, t\u00fcm \u00e7al\u0131\u015fanlar\u0131na bu konuda e\u011fitim vermeyi, e\u011fitimlerin s\u00fcreklili\u011fini sa\u011flamay\u0131, \u00e7evreyle ilgili y\u00fcr\u00fcrl\u00fckte bulunan mevzuata ve di\u011fer \u015fartlara uymay\u0131 kabul ve taahh\u00fct eder.&nbsp;<\/p>\n\n\n\n<ul><li>\u0130klim de\u011fi\u015fikli\u011fine kar\u015f\u0131 bilin\u00e7li olup, temiz bir \u00e7evrenin sonraki nesillere aktar\u0131lmas\u0131<\/li><li>\u00c7evre performans\u0131n\u0131n s\u00fcrekli iyile\u015ftirilerek geli\u015ftirilmesi<\/li><li>\u00c7evrenin korunmas\u0131 ve do\u011fal kaynaklar\u0131n verimli kullan\u0131m\u0131, kirlili\u011fin kayna\u011f\u0131nda \u00f6nlenmesi<\/li><li>\u00dcretim faaliyetleri sonucu olu\u015fan kat\u0131 ve tehlikeli at\u0131klar\u0131n kontrol alt\u0131nda tutulmas\u0131<\/li><li>Yeni yat\u0131r\u0131m ve faaliyetlerin se\u00e7iminde \u00e7evre korumas\u0131n\u0131n \u00f6n planda tutulmas\u0131<\/li><li>\u00c7al\u0131\u015fanlar\u0131n ve t\u00fcm payda\u015flar\u0131n \u00e7evre konusunda bilin\u00e7lendirilip, gerekli e\u011fitimlerin al\u0131nmas\u0131n\u0131n sa\u011flanmas\u0131<\/li><li>\u00c7evreye verilecek zarar\u0131n en aza indirilebilmesi i\u00e7in gerekli \u00f6nlemlerin al\u0131nmas\u0131<\/li><li>\u00c7evreyi olumsuz etkileyebilecek risklerin azalt\u0131lmas\u0131 ve\u00a0olas\u0131 kirlili\u011fin yay\u0131lmas\u0131n\u0131n \u00f6nlenmesi<\/li><li>\u00c7evrenin korunmas\u0131 konusunda kom\u015fu tesisler, yetkili merci ve yerel y\u00f6netimler ile\u00a0 olu\u015fturulacak her t\u00fcrl\u00fc i\u015fbirli\u011finin desteklenmesi, bilgi al\u0131\u015fveri\u015finde bulunulmas\u0131<\/li><\/ul>\n","protected":false},"excerpt":{"rendered":"<p>RAME END\u00dcSTR\u0130 olarak, faaliyetlerinin \u00e7evreye olumsuz etkisini en aza indirme, \u00e7evre kirlili\u011fini \u00f6nleme ve do\u011fal kaynaklar\u0131 koruma konular\u0131nda duyarl\u0131 ve \u00f6zenli davranmay\u0131 bir \u015firket politikas\u0131 olarak benimsemi\u015ftir. Firmam\u0131z, ISO 14001 &#8230;<\/p>\n","protected":false},"author":1,"featured_media":0,"parent":0,"menu_order":0,"comment_status":"closed","ping_status":"closed","template":"","meta":[],"_links":{"self":[{"href":"https:\/\/www.rameendustri.com\/index.php\/wp-json\/wp\/v2\/pages\/1658"}],"collection":[{"href":"https:\/\/www.rameendustri.com\/index.php\/wp-json\/wp\/v2\/pages"}],"about":[{"href":"https:\/\/www.rameendustri.com\/index.php\/wp-json\/wp\/v2\/types\/page"}],"author":[{"embeddable":true,"href":"https:\/\/www.rameendustri.com\/index.php\/wp-json\/wp\/v2\/users\/1"}],"replies":[{"embeddable":true,"href":"https:\/\/www.rameendustri.com\/index.php\/wp-json\/wp\/v2\/comments?post=1658"}],"version-history":[{"count":3,"href":"https:\/\/www.rameendustri.com\/index.php\/wp-json\/wp\/v2\/pages\/1658\/revisions"}],"predecessor-version":[{"id":1754,"href":"https:\/\/www.rameendustri.com\/index.php\/wp-json\/wp\/v2\/pages\/1658\/revisions\/1754"}],"wp:attachment":[{"href":"https:\/\/www.rameendustri.com\/index.php\/wp-json\/wp\/v2\/media?parent=1658"}],"curies":[{"name":"wp","href":"https:\/\/api.w.org\/{rel}","templated":true}]}}

ÇEVRE Politikamız

<p>RAME ENDÜSTRİ olarak, faaliyetlerinin çevreye olumsuz etkisini en aza indirme, çevre kirliliğini önleme ve doğal kaynakları koruma konularında duyarlı ve özenli davranmayı bir şirket politikası olarak benimsemiştir.</p>



<p>Firmamız, ISO 14001 standardı gereklerine uygun olarak kurduğu Çevre Yönetim Sistemi&#8217;ni sürekli geliştirmek ve çevre kirliliğini önlemek amacıyla, tüm çalışanlarına bu konuda eğitim vermeyi, eğitimlerin sürekliliğini sağlamayı, çevreyle ilgili yürürlükte bulunan mevzuata ve diğer şartlara uymayı kabul ve taahhüt eder.&nbsp;</p>



<ul><li>İklim değişikliğine karşı bilinçli olup, temiz bir çevrenin sonraki nesillere aktarılması</li><li>Çevre performansının sürekli iyileştirilerek geliştirilmesi</li><li>Çevrenin korunması ve doğal kaynakların verimli kullanımı, kirliliğin kaynağında önlenmesi</li><li>Üretim faaliyetleri sonucu oluşan katı ve tehlikeli atıkların kontrol altında tutulması</li><li>Yeni yatırım ve faaliyetlerin seçiminde çevre korumasının ön planda tutulması</li><li>Çalışanların ve tüm paydaşların çevre konusunda bilinçlendirilip, gerekli eğitimlerin alınmasının sağlanması</li><li>Çevreye verilecek zararın en aza indirilebilmesi için gerekli önlemlerin alınması</li><li>Çevreyi olumsuz etkileyebilecek risklerin azaltılması ve olası kirliliğin yayılmasının önlenmesi</li><li>Çevrenin korunması konusunda komşu tesisler, yetkili merci ve yerel yönetimler ile  oluşturulacak her türlü işbirliğinin desteklenmesi, bilgi alışverişinde bulunulması</li></ul>

<p>RAME ENDÜSTRİ olarak, faaliyetlerinin çevreye olumsuz etkisini en aza indirme, çevre kirliliğini önleme ve doğal kaynakları koruma konularında duyarlı ve özenli davranmayı bir şirket politikası olarak benimsemiştir. Firmamız, ISO 14001 &#8230;</p>
