{"id":29,"date":"2020-10-20T06:47:32","date_gmt":"2020-10-20T06:47:32","guid":{"rendered":"http:\/\/www.rameendustri.com\/?page_id=29"},"modified":"2024-07-10T09:27:22","modified_gmt":"2024-07-10T06:27:22","slug":"iletisim","status":"publish","type":"page","link":"https:\/\/www.rameendustri.com\/index.php\/iletisim\/","title":{"rendered":"\u0130LET\u0130\u015e\u0130M"},"content":{"rendered":"\n<p><strong>Adres\/Address:<\/strong> K\u00dc\u00c7\u00dcKBAKKALK\u00d6Y MAH. DEFNE SK. FLORA RESIDANCE<br>NO: 1\/365 ATA\u015eEH\u0130R\/ \u0130STANBUL<\/p>\n\n\n\n<p><strong>Telefon\/Phone: <\/strong>+90 535 495 8813<\/p>\n\n\n\n<p><strong>E-posta\/E-mail: <\/strong>info@rameendustri.com<\/p>\n","protected":false},"excerpt":{"rendered":"<p>Adres\/Address: K\u00dc\u00c7\u00dcKBAKKALK\u00d6Y MAH. DEFNE SK. FLORA RESIDANCENO: 1\/365 ATA\u015eEH\u0130R\/ \u0130STANBUL Telefon\/Phone: +90 535 495 8813 E-posta\/E-mail: info@rameendustri.com<\/p>\n","protected":false},"author":1,"featured_media":0,"parent":0,"menu_order":0,"comment_status":"closed","ping_status":"closed","template":"","meta":[],"_links":{"self":[{"href":"https:\/\/www.rameendustri.com\/index.php\/wp-json\/wp\/v2\/pages\/29"}],"collection":[{"href":"https:\/\/www.rameendustri.com\/index.php\/wp-json\/wp\/v2\/pages"}],"about":[{"href":"https:\/\/www.rameendustri.com\/index.php\/wp-json\/wp\/v2\/types\/page"}],"author":[{"embeddable":true,"href":"https:\/\/www.rameendustri.com\/index.php\/wp-json\/wp\/v2\/users\/1"}],"replies":[{"embeddable":true,"href":"https:\/\/www.rameendustri.com\/index.php\/wp-json\/wp\/v2\/comments?post=29"}],"version-history":[{"count":7,"href":"https:\/\/www.rameendustri.com\/index.php\/wp-json\/wp\/v2\/pages\/29\/revisions"}],"predecessor-version":[{"id":1814,"href":"https:\/\/www.rameendustri.com\/index.php\/wp-json\/wp\/v2\/pages\/29\/revisions\/1814"}],"wp:attachment":[{"href":"https:\/\/www.rameendustri.com\/index.php\/wp-json\/wp\/v2\/media?parent=29"}],"curies":[{"name":"wp","href":"https:\/\/api.w.org\/{rel}","templated":true}]}}